[INFO] cloning repository https://github.com/jmorag/josh
[INFO] running `Command { std: "git" "-c" "credential.helper=" "-c" "credential.helper=/workspace/cargo-home/bin/git-credential-null" "clone" "--bare" "https://github.com/jmorag/josh" "/workspace/cache/git-repos/https%3A%2F%2Fgithub.com%2Fjmorag%2Fjosh", kill_on_drop: false }`
[INFO] [stderr] Cloning into bare repository '/workspace/cache/git-repos/https%3A%2F%2Fgithub.com%2Fjmorag%2Fjosh'...
[INFO] running `Command { std: "git" "rev-parse" "HEAD", kill_on_drop: false }`
[INFO] [stdout] b883c77ade538339aeb0f718377564b3efb8e6ce
[INFO] checking jmorag/josh against master#cfbc6d4cf1acbac5c025acf8ed68929caa551df3 for pr-75494-beta
[INFO] running `Command { std: "git" "clone" "/workspace/cache/git-repos/https%3A%2F%2Fgithub.com%2Fjmorag%2Fjosh" "/workspace/builds/worker-2/source", kill_on_drop: false }`
[INFO] [stderr] Cloning into '/workspace/builds/worker-2/source'...
[INFO] [stderr] done.
[INFO] validating manifest of git repo https://github.com/jmorag/josh on toolchain cfbc6d4cf1acbac5c025acf8ed68929caa551df3
[INFO] running `Command { std: "/workspace/cargo-home/bin/cargo" "+cfbc6d4cf1acbac5c025acf8ed68929caa551df3" "read-manifest" "--manifest-path" "Cargo.toml", kill_on_drop: false }`
[INFO] started tweaking git repo https://github.com/jmorag/josh
[INFO] finished tweaking git repo https://github.com/jmorag/josh
[INFO] tweaked toml for git repo https://github.com/jmorag/josh written to /workspace/builds/worker-2/source/Cargo.toml
[INFO] crate git repo https://github.com/jmorag/josh already has a lockfile, it will not be regenerated
[INFO] running `Command { std: "/workspace/cargo-home/bin/cargo" "+cfbc6d4cf1acbac5c025acf8ed68929caa551df3" "fetch" "--locked" "--manifest-path" "Cargo.toml", kill_on_drop: false }`
[INFO] [stderr]     Blocking waiting for file lock on package cache
[INFO] running `Command { std: "docker" "create" "-v" "/var/lib/crater-agent-workspace/builds/worker-2/target:/opt/rustwide/target:rw,Z" "-v" "/var/lib/crater-agent-workspace/builds/worker-2/source:/opt/rustwide/workdir:ro,Z" "-v" "/var/lib/crater-agent-workspace/cargo-home:/opt/rustwide/cargo-home:ro,Z" "-v" "/var/lib/crater-agent-workspace/rustup-home:/opt/rustwide/rustup-home:ro,Z" "-e" "SOURCE_DIR=/opt/rustwide/workdir" "-e" "CARGO_TARGET_DIR=/opt/rustwide/target" "-e" "CARGO_HOME=/opt/rustwide/cargo-home" "-e" "RUSTUP_HOME=/opt/rustwide/rustup-home" "-w" "/opt/rustwide/workdir" "-m" "1610612736" "--user" "0:0" "--network" "none" "rustops/crates-build-env@sha256:a636fd89d022f18117e1dc8fb37a0a009933cdbbe082814857f0e2024962d47c" "/opt/rustwide/cargo-home/bin/cargo" "+cfbc6d4cf1acbac5c025acf8ed68929caa551df3" "metadata" "--no-deps" "--format-version=1", kill_on_drop: false }`
[INFO] [stdout] 2760f8b24d8ef99e7e4cb542efb3c9608724da81549b5e2cc2dd4b562bf70811
[INFO] [stderr] WARNING: Your kernel does not support swap limit capabilities or the cgroup is not mounted. Memory limited without swap.
[INFO] running `Command { std: "docker" "start" "-a" "2760f8b24d8ef99e7e4cb542efb3c9608724da81549b5e2cc2dd4b562bf70811", kill_on_drop: false }`
[INFO] running `Command { std: "docker" "inspect" "2760f8b24d8ef99e7e4cb542efb3c9608724da81549b5e2cc2dd4b562bf70811", kill_on_drop: false }`
[INFO] running `Command { std: "docker" "rm" "-f" "2760f8b24d8ef99e7e4cb542efb3c9608724da81549b5e2cc2dd4b562bf70811", kill_on_drop: false }`
[INFO] [stdout] 2760f8b24d8ef99e7e4cb542efb3c9608724da81549b5e2cc2dd4b562bf70811
[INFO] running `Command { std: "docker" "create" "-v" "/var/lib/crater-agent-workspace/builds/worker-2/target:/opt/rustwide/target:rw,Z" "-v" "/var/lib/crater-agent-workspace/builds/worker-2/source:/opt/rustwide/workdir:ro,Z" "-v" "/var/lib/crater-agent-workspace/cargo-home:/opt/rustwide/cargo-home:ro,Z" "-v" "/var/lib/crater-agent-workspace/rustup-home:/opt/rustwide/rustup-home:ro,Z" "-e" "SOURCE_DIR=/opt/rustwide/workdir" "-e" "CARGO_TARGET_DIR=/opt/rustwide/target" "-e" "CARGO_INCREMENTAL=0" "-e" "RUST_BACKTRACE=full" "-e" "RUSTFLAGS=--cap-lints=forbid" "-e" "CARGO_HOME=/opt/rustwide/cargo-home" "-e" "RUSTUP_HOME=/opt/rustwide/rustup-home" "-w" "/opt/rustwide/workdir" "-m" "1610612736" "--user" "0:0" "--network" "none" "rustops/crates-build-env@sha256:a636fd89d022f18117e1dc8fb37a0a009933cdbbe082814857f0e2024962d47c" "/opt/rustwide/cargo-home/bin/cargo" "+cfbc6d4cf1acbac5c025acf8ed68929caa551df3" "check" "--frozen" "--all" "--all-targets" "--message-format=json", kill_on_drop: false }`
[INFO] [stdout] 2ac0342d9a0cc6df0b7acaa784588e333bd38fb60bbb6f3f5a30952b0e57a962
[INFO] [stderr] WARNING: Your kernel does not support swap limit capabilities or the cgroup is not mounted. Memory limited without swap.
[INFO] running `Command { std: "docker" "start" "-a" "2ac0342d9a0cc6df0b7acaa784588e333bd38fb60bbb6f3f5a30952b0e57a962", kill_on_drop: false }`
[INFO] [stderr]     Checking josh v0.1.0 (/opt/rustwide/workdir)
[INFO] [stdout] error[E0425]: cannot find value `args` in this scope
[INFO] [stdout]   --> src/main.rs:78:15
[INFO] [stdout]    |
[INFO] [stdout] 78 |         [cmd, args..] => {
[INFO] [stdout]    |               ^^^^ not found in this scope
[INFO] [stdout]    |
[INFO] [stdout] help: consider importing this function
[INFO] [stdout]    |
[INFO] [stdout] 4  | use env::args;
[INFO] [stdout]    |
[INFO] [stdout] 
[INFO] [stdout] 
[INFO] [stdout] error[E0425]: cannot find value `args` in this scope
[INFO] [stdout]   --> src/main.rs:81:23
[INFO] [stdout]    |
[INFO] [stdout] 81 |                 .args(args)
[INFO] [stdout]    |                       ^^^^ not found in this scope
[INFO] [stdout]    |
[INFO] [stdout] help: consider importing this function
[INFO] [stdout]    |
[INFO] [stdout] 4  | use env::args;
[INFO] [stdout]    |
[INFO] [stdout] 
[INFO] [stdout] 
[INFO] [stdout] error[E0554]: `#![feature]` may not be used on the beta release channel
[INFO] [stdout]  --> src/main.rs:1:1
[INFO] [stdout]   |
[INFO] [stdout] 1 | #![feature(slice_patterns)]
[INFO] [stdout]   | ^^^^^^^^^^^^^^^^^^^^^^^^^^^
[INFO] [stdout] 
[INFO] [stdout] 
[INFO] [stdout] error[E0658]: half-open range patterns are unstable
[INFO] [stdout]   --> src/main.rs:78:15
[INFO] [stdout]    |
[INFO] [stdout] 78 |         [cmd, args..] => {
[INFO] [stdout]    |               ^^^^^^
[INFO] [stdout]    |
[INFO] [stdout]    = note: see issue #67264 <https://github.com/rust-lang/rust/issues/67264> for more information
[INFO] [stdout] 
[INFO] [stdout] 
[INFO] [stdout] error[E0658]: exclusive range pattern syntax is experimental
[INFO] [stdout]   --> src/main.rs:78:15
[INFO] [stdout]    |
[INFO] [stdout] 78 |         [cmd, args..] => {
[INFO] [stdout]    |               ^^^^^^
[INFO] [stdout]    |
[INFO] [stdout]    = note: see issue #37854 <https://github.com/rust-lang/rust/issues/37854> for more information
[INFO] [stdout] 
[INFO] [stdout] 
[INFO] [stdout] error[E0425]: cannot find value `args` in this scope
[INFO] [stdout]   --> src/main.rs:78:15
[INFO] [stdout]    |
[INFO] [stdout] 78 |         [cmd, args..] => {
[INFO] [stdout]    |               ^^^^ not found in this scope
[INFO] [stdout]    |
[INFO] [stdout] help: consider importing this function
[INFO] [stdout]    |
[INFO] [stdout] 4  | use env::args;
[INFO] [stdout]    |
[INFO] [stdout] 
[INFO] [stdout] 
[INFO] [stdout] error[E0425]: cannot find value `args` in this scope
[INFO] [stdout]   --> src/main.rs:81:23
[INFO] [stdout]    |
[INFO] [stdout] 81 |                 .args(args)
[INFO] [stdout]    |                       ^^^^ not found in this scope
[INFO] [stdout]    |
[INFO] [stdout] help: consider importing this function
[INFO] [stdout]    |
[INFO] [stdout] 4  | use env::args;
[INFO] [stdout]    |
[INFO] [stdout] 
[INFO] [stdout] 
[INFO] [stdout] error[E0554]: `#![feature]` may not be used on the beta release channel
[INFO] [stdout]  --> src/main.rs:1:1
[INFO] [stdout]   |
[INFO] [stdout] 1 | #![feature(slice_patterns)]
[INFO] [stdout]   | ^^^^^^^^^^^^^^^^^^^^^^^^^^^
[INFO] [stdout] 
[INFO] [stdout] 
[INFO] [stdout] error[E0658]: half-open range patterns are unstable
[INFO] [stdout]   --> src/main.rs:78:15
[INFO] [stdout]    |
[INFO] [stdout] 78 |         [cmd, args..] => {
[INFO] [stdout]    |               ^^^^^^
[INFO] [stdout]    |
[INFO] [stdout]    = note: see issue #67264 <https://github.com/rust-lang/rust/issues/67264> for more information
[INFO] [stdout] 
[INFO] [stdout] 
[INFO] [stdout] error[E0658]: exclusive range pattern syntax is experimental
[INFO] [stdout]   --> src/main.rs:78:15
[INFO] [stdout]    |
[INFO] [stdout] 78 |         [cmd, args..] => {
[INFO] [stdout]    |               ^^^^^^
[INFO] [stdout]    |
[INFO] [stdout]    = note: see issue #37854 <https://github.com/rust-lang/rust/issues/37854> for more information
[INFO] [stdout] 
[INFO] [stdout] 
[INFO] [stdout] error: aborting due to 5 previous errors
[INFO] [stdout] 
[INFO] [stdout] 
[INFO] [stdout] Some errors have detailed explanations: E0425, E0554, E0658.
[INFO] [stdout] 
[INFO] [stdout] For more information about an error, try `rustc --explain E0425`.
[INFO] [stdout] 
[INFO] [stdout] error: aborting due to 5 previous errors
[INFO] [stdout] 
[INFO] [stdout] 
[INFO] [stdout] Some errors have detailed explanations: E0425, E0554, E0658.
[INFO] [stdout] 
[INFO] [stdout] For more information about an error, try `rustc --explain E0425`.
[INFO] [stdout] 
[INFO] [stderr] error: could not compile `josh`.
[INFO] [stderr] 
[INFO] [stderr] To learn more, run the command again with --verbose.
[INFO] [stderr] warning: build failed, waiting for other jobs to finish...
[INFO] [stderr] error: build failed
[INFO] running `Command { std: "docker" "inspect" "2ac0342d9a0cc6df0b7acaa784588e333bd38fb60bbb6f3f5a30952b0e57a962", kill_on_drop: false }`
[INFO] running `Command { std: "docker" "rm" "-f" "2ac0342d9a0cc6df0b7acaa784588e333bd38fb60bbb6f3f5a30952b0e57a962", kill_on_drop: false }`
[INFO] [stdout] 2ac0342d9a0cc6df0b7acaa784588e333bd38fb60bbb6f3f5a30952b0e57a962
